{"id":85,"date":"2023-07-06T15:59:33","date_gmt":"2023-07-06T15:59:33","guid":{"rendered":"http:\/\/apsaceros.com\/?page_id=85"},"modified":"2023-07-06T16:25:46","modified_gmt":"2023-07-06T16:25:46","slug":"aviso-de-privacidad","status":"publish","type":"page","link":"http:\/\/apsaceros.com\/index.php\/aviso-de-privacidad\/","title":{"rendered":"AVISO DE PRIVACIDAD"},"content":{"rendered":"<p><a href=\"http:\/\/apsaceros.com\/index.php\/aviso-de-privacidad\/\">AVISO DE PRIVACIDAD APSACEROS PERFILES SA DE CV.<\/a><\/p>\n<p>El presente constituye el Aviso de Privacidad que en t\u00e9rminos de lo dispuesto por la Ley Federal de Protecci\u00f3n de Datos Personales en Posesi\u00f3n de los Particulares (LFPDPPP), Su Reglamento y los Lineamientos del Aviso de Privacidad, debe generar toda persona f\u00edsica o moral que efecto el tratamiento de datos personales. Por lo que, en t\u00e9rminos de las disposiciones aplicables, APSACEROS PERFILES SA DE CV, hace de su conocimiento la siguiente informaci\u00f3n:<\/p>\n<p>1. IDENTIDAD Y DOMICILIO DEL RESPONSABLE QUE TRATA LOS DATOS PERSONALES.<br \/>\nAPSACEROS PERFILES SA DE CV, con domicilio en Avenida PROLONGACI\u00d3N 5 PONIENTE 4918, Col. Reforma Sur, Puebla, Puebla, C.P. 72130, es responsable del tratamiento de los datos personales que los clientes (titulares de tales datos personales) nos proporcionen para las finalidades establecidas en el presente Aviso de Privacidad.<\/p>\n<p>2. DATOS PERSONALES QUE SE TRATAR\u00c1N.<br \/>\nAPSACEROS PERFILES SA DE CV. recabar\u00e1 de sus clientes, los siguientes datos personales de identificaci\u00f3n: nombres, apellidos, compa\u00f1\u00eda de la que forman parte, puesto de la empresa de la que forma parte, giro de la empresa, domicilio, tel\u00e9fono, correo electr\u00f3nico, y nacionalidad. Dichos datos podr\u00e1 recabarlos personal o directamente del titular, o bien, indirectamente, a trav\u00e9s de fuentes de acceso p\u00fablico o transferencias, en t\u00e9rminos de LFPDPPP.<\/p>\n<p>3. DATOS PERSONALES SENSIBLES.<br \/>\nAPSACEROS PERFILES SA DE CV, no recaba datos personales sensibles respecto de sus clientes, tales como origen racial o \u00e9tnico, estado de salud presente y futuro, informaci\u00f3n gen\u00e9tica, creencias religiosas, filos\u00f3ficas y morales, afiliaci\u00f3n sindical, opiniones pol\u00edticas, preferencia sexual, etc\u00e9tera.<\/p>\n<p>4. DATOS PATRIMONIALES Y FINANCIEROS.<br \/>\nEn virtud de los productos que APSACEROS PERFILES SA DE CV produce y vende y con el fin de llevarlos a cabo de manera \u00f3ptima y eficiente, le es necesario recabar de sus clientes, datos financieros y patrimoniales. Se entender\u00e1 que por las operaciones de compra y venta de la empresa APSACEROS PERFILES SA DE CV, se otorga el consentimiento para el tratamiento de los datos personales proporcionados en los t\u00e9rminos del presente aviso, salvo que se trate de datos sensibles en donde forzosamente se deber\u00e1 de otorgar el consentimiento por escrito y firmado por la persona que proporciona dichos datos.<\/p>\n<p>5. FINALIDADES DEL TRATAMIENTO DE DATOS PERSONALES.<br \/>\nAPSACEROS PERFILES SA DE CV recabara de sus clientes, los datos personales, as\u00ed como patrimoniales y financieros, con la finalidad de llevar a cabo las operaciones de compra y venta, por lo que sea necesario recabar dicha informaci\u00f3n, los cuales consisten en: todo lo relacionado a la industria metal\u00fargica, estudios de precios de transferencia, y capacitaci\u00f3n. Asimismo, los datos personales, patrimoniales y financieros que los clientes proporcionen a APSACEROS PERFILES SA DE CV ser\u00e1n utilizados para integrar su respectivo expediente como cliente.<\/p>\n<p>6. TRANSFERENCIAS DE DATOS PERSONALES.<br \/>\nAPSACEROS PERFILES SA DE CV \u00fanicamente realizara transferencias de datos personales, ya sea nacional o internacionalmente, a cualquiera de las empresas que forman parte de la red global de MSI, as\u00ed como entes p\u00fablicos y terceras personas, exclusivamente cuando ello sea estrictamente necesario para llevar a cabo las operaciones de compra \u2013 venta para los cuales fue contratado, descritos en el punto 5 de este Aviso de Privacidad. En todo caso, APSACEROS PERFILES SA DE CV se compromete a efectuar dichas transferencias de datos, en los t\u00e9rminos dispuestos por la normatividad aplicable. Por lo que en ning\u00fan momento transmitiremos sin el consentimiento del titular, los datos personales respecto de las cuales seamos responsables, a terceros que no tengan relaci\u00f3n alguna con los productos o servicios que se prestan a los clientes o con las finalidades que en el presente Aviso se especifican.<\/p>\n<p>7. DEPARTAMENTO DE DATOS PERSONALES QUE DARA TR\u00c1MITE A LAS SOLICITUDES DE LOS TITULARES.<br \/>\nNuestro departamento encargado de la protecci\u00f3n de datos personales estar\u00e1 a cargo de la C. Dolores Jazm\u00edn Cebada Reyes, quien podr\u00e1 ser contactada por medio de los siguientes datos:<br \/>\nCorreo: administraci\u00f3n@apsaceros.com<br \/>\nTel\u00e9fono: (22) 22488518<br \/>\nDirecci\u00f3n: PROLONGACI\u00d3N 5 PONIENTE 4918, Col. Reforma Sur, Puebla, Puebla, C.P. 72130<\/p>\n<p>&nbsp;<\/p>\n<p>8. MECANISMOS PARA MANIFESTAR LA NEGATIVA PARA EL TRATAMIENTO DE DATOS PERSONALES.<br \/>\nEl titular de los datos personales podr\u00e1 manifestar su negativa para el tratamiento de dichos datos para aquellas finalidades que no considere necesarias, por escrito, o bien, a trav\u00e9s de un correo electr\u00f3nico que deber\u00e1 enviarse a la siguiente direcci\u00f3n: administraci\u00f3n@apsaceros.com<\/p>\n<p>9. MEDIOS Y PROCEDIMIENTO PARA EJERCER LOS DERECHOS ARCO.<br \/>\nUsted podr\u00e1 solicitar a APSACEROS PERFILES SA DE CV, en cualquier momento, el acceso, rectificaci\u00f3n, cancelaci\u00f3n u oposici\u00f3n (derechos ARCO), respecto de sus datos personales, lo cual deber\u00e1 realizar a trav\u00e9s de una solicitud por escrito, o bien, mediante correo electr\u00f3nico dirigido a nuestro departamento encargado de la protecci\u00f3n de datos personales, a la direcci\u00f3n: administraci\u00f3n@apsaceros.com La solicitud que efect\u00fae por cualquiera de los medios anteriores deber\u00e1 cumplir con lo dispuesto por la LFPDPPp, por lo que contendr\u00e1 y se acompa\u00f1ar\u00e1 de lo siguiente: \u2013 El nombre del titular y domicilio u otro media para comunicarle la respuesta a su solicitud; \u2013 Los documentos que acrediten la identidad o, en su caso, la representaci\u00f3n legal del titular; \u2013 La descripci\u00f3n clara y precisa de las datos personales respecto de las que se busca ejercer alguno de las derechos antes mencionados; \u2013 Cualquier otro elemento o documento que facilite la localizaci\u00f3n de los datos personales, y Trat\u00e1ndose de solicitudes de rectificaci\u00f3n de datos personales, el titular deber\u00e1 indicar, adem\u00e1s de los requisitos antes se\u00f1alados, las modificaciones a realizarse y aportar la documentaci\u00f3n que sustente su petici\u00f3n. APSACEROS PERFILES SA DE CV, contar\u00e1 con un plazo m\u00e1ximo de 20 d\u00edas contados desde la fecha en que se recibi\u00f3 la solicitud referida, para dar respuesta a la misma por el mismo medio en que nos fue hecha, a efecto de que, si la considera procedente, se haga efectiva dentro de los 15 d\u00edas siguientes a la fecha en que comunic\u00f3 su respuesta al titular de los datos personales. Cuando las circunstancias del caso lo justifiquen, dichos plazos podr\u00e1n ser ampliados una sola vez y por un periodo igual. Trat\u00e1ndose de solicitudes de acceso a los datos personales, y en el caso de que \u00e9stas resulten procedentes, APSACEROS PERFILES SA DE CV, pondr\u00e1 a disposici\u00f3n del titular sus datos personales a trav\u00e9s de copias simples y\/o documentos electr\u00f3nicos. Una vez que usted reciba nuestra respuesta a la solicitud que nos haya efectuado, contar\u00e1 con un plazo de 10 d\u00edas h\u00e1biles para manifestarnos lo que considere conveniente. Por lo que en el caso de que no realice manifestaci\u00f3n alguna, APSACEROS PERFILES SA DE CV, entender\u00e1 que usted se encuentra de acuerdo con nuestra respuesta.<\/p>\n<p>10. PROCEDIMIENTO PARA REVOCAR EL CONSENTIMIENTO AL TRATAMIENTO DE SUS DATOS PERSONALES.<br \/>\nUsted podr\u00e1, en cualquier momento, revocar el consentimiento que haya otorgado para el tratamiento de sus datos, para lo cual deber seguirse el procedimiento se\u00f1alado en el punto 9 de este Aviso de Privacidad, con la diferencia de que \u00fanicamente tendr\u00e1 que especificarse que la solicitud es para revocar su consentimiento.<\/p>\n<p>11. MEDIOS PARA LIMITAR EL USO O DIVULGACI\u00d3N DE LOS DATOS PERSONALES.<br \/>\nUsted puede dejar de recibir de APSACEROS PERFILES SA DE CV, mensajes por correo electr\u00f3nico, impresos, por tel\u00e9fono fijo o celular, manifest\u00e1ndolo a nuestro departamento encargado de la protecci\u00f3n de datos personales, ya sea por correo electr\u00f3nico o por tel\u00e9fono.<\/p>\n<p>12. COOKIES, WEB BEACONS U OTRA S TECNOLOG\u00cdAS SIMILARES.<br \/>\nAPSACEROS PERFILES SA DE CV, no recaba datos personales a trav\u00e9s del uso de cookies, web, beacons u otras tecnolog\u00edas similares, para obtener informaci\u00f3n como la siguiente: \u2013 Su tipo de navegador y sistema operativo. \u2013 Las p\u00e1ginas de Internet que visita. \u2013 Los v\u00ednculos que sigue. \u2013 La direcci\u00f3n IP. \u2013 EI sitio que visit\u00f3 antes de entrar al nuestro.<\/p>\n<p>13. CAMBIOS AL AVISO DE PRIVACIDAD.<br \/>\nNos reservamos el derecho de efectuar en cualquier momento modificaciones o actualizaciones al presente Aviso de Privacidad. Dichas modificaciones ser\u00e1n informadas y est\u00e1n disponibles para los titulares de los datos personales, a trav\u00e9s de nuestra p\u00e1gina web: www.apsaceros.com, en el apartado \u201cAviso de Privacidad\u201d, o bien, APSACEROS PERFILES SA DE CV, podr\u00e1 hac\u00e9rselas llegar a trav\u00e9s del \u00faltimo correo electr\u00f3nico que nos haya sido proporcionado. Si el usuario ingresa a nuestra p\u00e1gina web y nos proporciona sus datos personales, reconoce y acepta los t\u00e9rminos del presente Aviso de Privacidad, otorgando a APSACEROS PERFILES SA DE CV, su consentimiento para el tratamiento de tales datos, en la forma a en que se se\u00f1ala en este Aviso y en la normatividad aplicable.<\/p>\n<p>&nbsp;<\/p>\n","protected":false},"excerpt":{"rendered":"<p>AVISO DE PRIVACIDAD APSACEROS PERFILES SA DE CV. El presente constituye el Aviso de Privacidad que en t\u00e9rminos de lo dispuesto por la Ley Federal de Protecci\u00f3n de Datos Personales en Posesi\u00f3n de los Particulares (LFPDPPP), Su Reglamento y los Lineamientos del Aviso de Privacidad, debe generar toda persona f\u00edsica o moral que efecto el&#8230;<\/p>\n","protected":false},"author":1,"featured_media":0,"parent":0,"menu_order":0,"comment_status":"closed","ping_status":"closed","template":"","meta":{"footnotes":""},"class_list":["post-85","page","type-page","status-publish","hentry"],"_links":{"self":[{"href":"http:\/\/apsaceros.com\/index.php\/wp-json\/wp\/v2\/pages\/85"}],"collection":[{"href":"http:\/\/apsaceros.com\/index.php\/wp-json\/wp\/v2\/pages"}],"about":[{"href":"http:\/\/apsaceros.com\/index.php\/wp-json\/wp\/v2\/types\/page"}],"author":[{"embeddable":true,"href":"http:\/\/apsaceros.com\/index.php\/wp-json\/wp\/v2\/users\/1"}],"replies":[{"embeddable":true,"href":"http:\/\/apsaceros.com\/index.php\/wp-json\/wp\/v2\/comments?post=85"}],"version-history":[{"count":3,"href":"http:\/\/apsaceros.com\/index.php\/wp-json\/wp\/v2\/pages\/85\/revisions"}],"predecessor-version":[{"id":88,"href":"http:\/\/apsaceros.com\/index.php\/wp-json\/wp\/v2\/pages\/85\/revisions\/88"}],"wp:attachment":[{"href":"http:\/\/apsaceros.com\/index.php\/wp-json\/wp\/v2\/media?parent=85"}],"curies":[{"name":"wp","href":"https:\/\/api.w.org\/{rel}","templated":true}]}}